/(-9)*(-102)/(-1). Suppose 2*t - v = t. Suppose -4*x = -5*a + 1759 - t, 644 = 3*a + x. Is a composite?
True
Let g be ((-342)/45)/(-1 - 4/(-5)). Suppose 40*r - g*r + 6 = 0. Is r + (-4748)/(-3) + 6/(-9) composite?
False
Let b(x) = -x**2 + 40*x - 37. Let z(s) = -s**2 + 40*s - 36. Let a(f) = -5*b(f) + 6*z(f). Is a(30) prime?
True
Suppose 372*p - 907182 - 30427875 = 15630315. Is p a composite number?
True
Let f = -272245 - -1457772. Is f a prime number?
False
Suppose -64 = 2*s - 122. Let y(l) = l**3 - 28*l**2 - 28*l + 60. Is y(s) prime?
True
Let c be ((-1)/(5/(-2)))/(87/11045085). Suppose -13*i + c = -37111. Is i a prime number?
True
Let y = 101796 + 77365. Is y a composite number?
False
Let s(g) = -27788*g**3 - 2*g**2 - 24*g - 53. Is s(-3) prime?
False
Let q be 9/(-12)*((-16)/(-4) + 952). Let k = 1728 + q. Is k composite?
True
Suppose -158 = 1487*t - 1498*t - 4. Let h(m) be the second derivative of m**5/20 - 7*m**4/6 + m**3/3 + 7*m**2/2 + m. Is h(t) prime?
False
Let u = -36 - -46. Let g be -3 - (-24)/u - 444/(-15). Let f = g - 6. Is f composite?
False
Suppose -28*g - 298739 = -35*g. Is g a composite number?
False
Is ((-4)/3)/(316/(-37904358)) a prime number?
False
Let i = -1501045 + 3098800. Suppose 0 = 44*w - i + 149231. Is w prime?
False
Let i = -152901 - -236674. Is i a prime number?
True
Let j = -550942 + 1048293. Is j a composite number?
False
Let k(a) be the second derivative of 39*a**5/20 + a**4/2 - 3*a**3/2 - 17*a**2/2 - 186*a. Is k(7) a composite number?
False
Let g(o) = 30*o**2 - 102*o - 1649. Is g(-22) composite?
True
Suppose 15*w - 1417034 - 651424 - 2195307 = 0. Is w prime?
False
Suppose -2*u = -5*b + 1950, -4*u - 316 = -b + 56. Let k = 614 + b. Let x = -639 + k. Is x a prime number?
True
Let z = -1948995 - -3133428. Is z a prime number?
False
Let i(c) be the first derivative of 4*c**3 - 13*c**2 - 86*c + 6. Is i(-20) prime?
False
Let j = 120167 + -46986. Is j a composite number?
False
Let w(s) = 132312*s + 179. Is w(1) composite?
False
Let a = -137624 + 194865. Is a composite?
False
Is -9 + (-1)/4*-189032 prime?
False
Suppose 3*n = -2*y + 258079, 513*n - 508*n = y - 129072. Is y a composite number?
True
Is (-143212)/(-3) - (-1)/(-42)*14 prime?
True
Let d(o) = 5*o - 103. Let q be d(20). Is 15/10*(-1262)/q composite?
False
Let y(l) = 31*l**3 + l**2 - l + 1. Let v be y(1). Let h = 32 - v. Suppose -5*u - 1329 + 7154 = h. Is u a prime number?
False
Let x = 136 + -140. Is ((-2)/4)/(25508/(-6376) - x) a composite number?
False
Let r = -34 - -47. Let z = r + -10. Suppose z*v = 2632 + 341. Is v prime?
True
Let m = -15616 - -29012. Let b = m + -5589. Is b composite?
True
Let i(a) = 11*a - 12. Let r be i(14). Let c = r + 835. Is c prime?
True
Let l(b) = -8683*b + 12413. Is l(-54) a composite number?
True
Suppose -4486*v + 4471*v + 25129395 = 0. Is v a composite number?
True
Let l(f) = -f**2 - 4*f - 3. Let o be l(-1). Let z be -1*(-4 - (-1 + o) - -1). Suppose 7*v + 2*x - 3075 = z*v, v - 618 = -x. Is v a prime number?
True
Suppose 132*z = 133*z - n - 617883, 4*z - 2471564 = -4*n. Is z composite?
False
Let a = -356966 + 585435. Is a a prime number?
True
Let a(x) = 2*x**2 + 19*x + 12. Let f be a(-9). Suppose c = 2*y - 5 + f, -5*y = -10. Suppose -c*h + 5600 = -38. Is h prime?
True
Let b(z) = 890*z**3 - 6*z**2 - z + 10. Is b(3) prime?
False
Let g(i) = -21*i**3 - 8*i**2 - 7*i - 11. Let t be g(7). Let n = 14194 + t. Is n a prime number?
False
Suppose 3*p - 8333 - 11194 = -3*z, -4*z - 2*p + 26028 = 0. Is -6 + (4 - (-2)/(-2)) + z prime?
False
Let f(x) = 3*x + 75 - 40 - 30 - 27. Let s be f(8). Is 877 + 11 - 2/s prime?
True
Let z(n) = 21*n**2 - 63*n - 226. Is z(-52) composite?
True
Let i be -337*(0 + (-35)/7). Suppose -i = 38*p - 31971. Is p composite?
False
Let c = -3987 - -11966. Suppose -2*u + c = 2*x + 3*x, 4*x + 15888 = 4*u. Let j = u - 2796. Is j a prime number?
True
Let x be 6/(-4)*(320/(-15))/8. Suppose 0 = -3*c - 2*i + 1976 + 75, -x*c + 2732 = 4*i. Is 3/(-1) + 1 + (c - 0) a composite number?
False
Let b(g) = -2*g**2 + 24*g + 15. Let t be b(12). Suppose -8530 = -t*z + 5*z. Suppose 174 + 1528 = 2*o + 5*u, -o + z = 3*u. Is o composite?
True
Let b be 4/(-3)*3 + -6. Is ((-7)/(70/(-7796)))/(b/(-25)) a prime number?
True
Let b = 5096 + 138. Let m = 1748 - b. Let j = -2479 - m. Is j a prime number?
False
Suppose -25*k - 2*k + 10207 + 33547472 = 0. Is k a composite number?
True
Let b be 31/(-3 + 366/123). Let i = 2226 + b. Suppose 10*r - i = 5*r. Is r a prime number?
True
Let u be 2/(-9) - 3770/(-117). Is 24/u + 71506/8 prime?
False
Is (2/(-6))/(-15 + (-27111728)/(-1807449)) a composite number?
False
Suppose -3*q = 2*u - 11, -2*q + u + 1 = -18. Suppose 9*f + q*f = 108464. Is f prime?
True
Suppose -58*j - 40 = -53*j. Is (-12910)/(-4) - -15*j/80 composite?
True
Let i = 21 + 106. Suppose -4*q + 0*w + 2008 = -4*w, -2 = w. Let k = q - i. Is k prime?
True
Let w(x) = x**3 - 30*x**2 - 33*x + 65. Let k be w(31). Suppose d + k*o - 695 = 0, 0 = 6*o - 8*o - 4. Is d a composite number?
False
Let y be 3/(-7) - 85/(-35). Suppose -3*i = -4 - y. Suppose -926 = -4*n - i*h, -h - 3*h = -n + 245. Is n a composite number?
False
Suppose 0 = -8*x + 3128 + 18728. Is x*(3/(-7) + (-133)/(-196)) a prime number?
True
Is (-1854244)/70*50/(-20) a composite number?
True
Let s be 6 - (-2 + 3)*-1. Let p(i) = 8*i**2 + i + 20. Is p(s) a prime number?
True
Is (-1 + -1)/(22165164/651917 + -34) prime?
True
Suppose -1362 = -3*o + 3*w, o + 0*w = 4*w + 460. Suppose -20*a + 22*a = o. Is a a prime number?
False
Let w(s) = 589*s**2 - 20*s - 76. Let f be w(-5). Let q = -8282 + f. Is q a composite number?
True
Let g = 28044 - -155119. Is g a composite number?
True
Let u(s) = 21*s**2 - 5*s - 3. Let t be u(-3). Let j = 1712 - t. Is j a composite number?
False
Let c = -51 - -75. Suppose -c*q + 27*q - 6 = 0. Suppose -5*d = q*w + 2*w - 4875, -4*d + 3901 = 3*w. Is d prime?
False
Is 2/(-11) - (18 - 2136744/88) a composite number?
True
Let v be (0 - 6439)/(2 + -1). Let k = v - -11602. Is k a prime number?
False
Suppose 8484545 = 9*c + 2388764. Is c composite?
False
Let s(j) = 7*j - 56. Let m be s(6). Is (7886/(-7))/(4/m) a prime number?
True
Let n(y) = 20*y - 164. Let o be n(8). Is (-4 - 5154)*o/8 prime?
True
Let q(f) = 8*f**3 - 86*f**2 + 50*f + 1. Is q(27) prime?
False
Let d(l) = -319*l - 15 + 11 - 3*l**3 + 315*l. Let q(f) = f + 1. Let r be q(-4). Is d(r) a composite number?
False
Let n(j) = 169*j**2 - 8*j - 346. Is n(-17) a composite number?
True
Suppose 0 = -3*r - 473 + 497. Suppose 5*c - r*d - 111501 = -11*d, -2*c - 4*d + 44606 = 0. Is c a composite number?
True
Let m = 4 + -1. Suppose -4*t - 812 = 3*g, -m*g + 4*t - 777 = t. Let j = 5 - g. Is j a prime number?
True
Let p = 98861 + 37656. Is p a prime number?
False
Let v be (1101/(-6) - 0)*-6. Let b = -1015 + 1035. Suppose -2*h + b = 2*h, -2*y + v = -h. Is y composite?
True
Let j = 656 - 252. Let s(b) = j*b + 27 - 31*b - 7. Is s(9) prime?
False
Suppose -59*t + 57*t = -16664. Suppose -8362 = -3*y + 2*k - 7*k, -3*y + t = -k. Is y composite?
True
Suppose 3*r - 2*k + 3457 + 14094 = 0, -4*r - 23398 = -k. Let l = 264 - r. Is l a prime number?
True
Let o(a) = 3*a + 206*a**3 + 2*a + 22*a**2 + 8 - 208*a**3. Is o(-9) a prime number?
True
Suppose -317*u + 18225 = -316*u. Suppose -4*m + 34783 = 3*h, -826 = 2*m - h - u. Is m prime?
False
Let n = 43158 + 82289. Is n prime?
False
Suppose -27*v + 27 = -108. Suppose 4*z - c = 57811, 4*z - v*c = -0*z + 57807. Is z prime?
False
Suppose -2*k = 5*j + 2390 - 7781, 0 = 2*k + 3*j - 5397. Suppose -f = -4*f + k. Is f a prime number?
False
Let z(k) = 635*k**3 + 3*k**2 - 64*k - 45. Is z(8) a composite number?
True
Let s(p) = p**3 - 44*p**2 - 15*p - 78. Let q be s(44). Is (13/((-156)/(-56)))/((-12)/q) a prime number?
False
Let h = 31 - 31. Suppose 6*v + h = -18. Let c(j) = -42*j**3 + 3*j**2 + 7*j - 1. Is c(v) a prime number?
False
Let n = 57527 - 26529. Suppose 3*q - n = 12901. Is q prime?
True
Let l = -1282 + -1164. Let h = 7252 + l. Is h/4 + (-4)/8 prime?
True
Let m(u) = 1 + 4 + 9*u**2 + 6 + 9*u. Let x be -4 + 2 + (-2 - (2 + -1)). Is m(x) a prime number?
True
Suppose -653 = -i + 4*r, 3*i = r - 5*r + 2007. Suppose 3*c - i = 2*c. Let v = c + -207. Is v prime?
False
Suppose d = -2*i - 1, 9 = d - 2*i - 2. Let w(o) = 25*o**3 - o**2 - 